(r)?
2
Let h = -18 - -15. Let a(g) be the third derivative of 0 - 1/6*g**4 - 1/120*g**6 - 2/3*g**3 - 14*g**2 - 1/15*g**5 + 0*g. What is a(h)?
-1
Let t(z) = -z**2 + 395*z - 2705. Let v be t(7). Let j(f) = f**2 - 13*f + 34. What is j(v)?
12
Let l(o) = 44*o**2 + 19*o - 66. Let y(i) = -79*i**2 - 39*i + 132. Let n(h) = -9*l(h) - 5*y(h). Calculate n(22).
-22
Let d(f) be the second derivative of -11*f**5/10 - f**4/12 - f**3/3 - f**2/2 - 235*f - 4. What is d(-1)?
22
Let q(n) be the first derivative of 9*n**2 + 900*n - 10988. Give q(-50).
0
Let t(d) be the third derivative of -d**8/6720 - d**7/504 + d**6/720 - d**5/15 + 5*d**4/3 + 15*d**2. Let k(v) be the second derivative of t(v). Determine k(-6).
22
Let m(o) = -6*o - 3 + 1 + 0*o**2 + o**2. Let q be 4/6 - 10/15. Suppose q = -5*h + 5*r + 60, -3*h - r + 1 = 3*r. Give m(h).
5
Let g(b) = 11*b**2 - 21*b - 175. Let d be g(-7). Let l = d + -508. Let z(o) = o**3 - 6*o**2 + 8*o - 7. Determine z(l).
-10
Suppose 4*k = 2*s + 6, 4*k - 10 = s + 1. Let q(y) be the third derivative of 4*y**2 + 0*y + 1/24*y**k + 0 + 0*y**3. What is q(5)?
5
Let a = -131 + 126. Let r(j) = 5*j - 7. Let d(o) = 9 + 7 + 10 - 21 - 5*o. Let n(l) = a*d(l) - 4*r(l). Determine n(-3).
-12
Let d = 7 - 15. Let t(a) be the second derivative of -a**4/12 - 7*a**3/6 - a**2 - 29*a - 7. Give t(d).
-10
Let i(u) = -u**3 + 5*u**2 - 3*u + 9. Suppose -5*p + 2*x + 19 = 0, -105*p + 3*x + 6 = -102*p. What is i(p)?
-6
Let j(c) = -c**2 - 3*c + 2. Let g = 5533 - 5532. Determine j(g).
-2
Let p(n) = -252*n**2 + 120*n**2 - 3 + 136*n**2 + 6*n. Give p(-5).
67
Let a be (16/40)/((-1)/15). Let b(o) be the third derivative of 1/3*o**3 - 6*o**2 - 1/60*o**5 + 0 - 5/24*o**4 + 0*o. Give b(a).
-4
Let s(o) = o**2 + 45*o - 2145. Let j be s(29). Let w(c) = 3*c**2 - 19*c + 21. Determine w(j).
5
Let f = -10 - -11. Let k be f/(5/345*-3). Let j = 21 + k. Let c(v) = -2*v - 1. Determine c(j).
3
Let p(u) = -2641*u**2 + u**3 + 2638*u**2 + 2 + 54*u - 3*u**3 + u**3. What is p(-9)?
2
Let z be 1*(-16 - 198/(-18)). Let p(k) = 3*k**2 + 9*k - 10. Determine p(z).
20
Suppose 31 = c + 4*x, -5*x - 43 = 4*c - 145. Suppose r + c = 3*r + h, -3*r - 4*h = -47. Let o(u) = -u**2 + 6*u + 22. Calculate o(r).
-5
Let v(n) be the first derivative of n**4/4 - 3*n**3 - 25*n**2/2 + 7*n + 1705. Calculate v(11).
-26
Suppose 0 = 9*k - 34 - 2. Let x(r) = 6*r**2 - 4*r + 30 - 63 + k*r**3 + 31 - 5*r**3 + r. What is x(5)?
8
Let o(q) be the third derivative of q**5/60 - 7*q**4/24 - 5*q**3/6 - 3*q**2 + 72*q. Let f(b) = -b**2 - 2*b + 4. Let k be f(-6). Let t = -13 - k. Give o(t).
-5
Let p(s) = s**2 + 3*s + 4. Let c = -1047 - -623. Let y = c - -419. Determine p(y).
14
Let o(x) = -x**2 + 24*x - 144. Let q be o(10). Let g = -15 + 17. Let p(z) = g - 6 + 1 + 0 - z. Calculate p(q).
1
Suppose -8*m + 26*m - 12*m - 42 = 0. Let u(a) = -a**3 + 8*a**2 - 10*a + 5. Determine u(m).
-16
Let q(f) be the first derivative of -f**4/4 - 5*f**3 - 6*f**2 - 5*f - 182. Determine q(-14).
-33
Let s(o) = -11*o**2 - 3*o - 11. Let i(x) be the third derivative of 3*x**5/20 + x**4/6 + 5*x**3/3 - 3*x**2 - x. Let l(c) = 5*i(c) + 4*s(c). What is l(-7)?
-1
Let b(z) = 2*z**2 + 23*z - 6. Let u(c) = -c**2 - 11*c + 2. Suppose 42 = d - 5*d + 2*o, -18 = d - 3*o. Let g(h) = d*u(h) - 4*b(h). Determine g(-7).
6
Let w(n) be the second derivative of -11*n**3/3 - 3*n**2 - 43*n. Let v be w(-5). Let d(q) = 2*q**2 + 1 + 104*q - v*q. Determine d(-3).
19
Let x(z) = -z**2 - z + 4. Let l(u) = -u**3 + 3*u**2 - 13. Let s be l(0). Suppose -54*h + 49*h + 65 = 0. Let p = s + h. What is x(p)?
4
Suppose 3*a - 19 = i, -7 = 3*i - a + 2*a. Let h(c) = -5*c**3 + c**2 + 1. Let m be h(-1). Let j(u) = -m*u - 8*u**2 + 11*u + 9*u**2 + 6. What is j(i)?
6
Let s(y) = -2*y**2 + 2*y - 6. Let m be (-11)/((-22)/(-60))*(-6)/15. Let g be 63/m - 25/20. Calculate s(g).
-30
Let c(x) = 20*x - 305. Let o(v) = 20*v - 256. Let j(b) = 5*c(b) - 6*o(b). Give j(-4).
91
Suppose 8*i - 2*l = 5*i + 16, 2*i - 18 = 5*l. Let s be 8/1*i/16. Let f(p) = -p - s*p + 0*p - 1. Calculate f(-1).
2
Let d(b) = -15*b - 13*b - 2*b + 29*b + 7. Let n = -95 + 47. Let s = -42 - n. What is d(s)?
1
Let n be -3 + 30 + 2 + 1. Suppose 0*j + 5*j - n = 4*g, -2*g - 14 = -2*j. Let i(o) = -8*o**2 + 3*o - 1. Give i(j).
-27
Suppose 161 = 5*u + 4*g, 0 = 4*u - 3*g + g - 108. Let r(o) = 711 - u*o - 711. Calculate r(-1).
29
Suppose -5*a = -4*g + 15, -10*g - 2*a - 3 = -11*g. Let q be 8 + -3 - g/(-5). Let w(z) be the second derivative of z**3/6 + z**2 + z. What is w(q)?
8
Let m(n) = -32*n + 247. Let t be m(8). Let h(x) be the third derivative of x**5/60 + x**4/3 - x**3/2 + 12*x**2. What is h(t)?
6
Let z(j) = 3 - 92*j + 6 - 5 - j**2 + 94*j. Let u(h) = -2*h**3 - 3 - 9*h + 3*h**3 - 3 + 1 + 7*h**2. Let v be u(-8). What is z(v)?
1
Let l be 4 + -1 + -1 - (4 + -1). Let m be (-15 - l)*4/(-8). Let g(t) = -t**3 + 7*t**2 + 2*t + 5. What is g(m)?
19
Let f(s) be the first derivative of 3*s**2/2 + 3*s - 4. Suppose -462 = -67*d + 34*d. Suppose 0 = -d*n - 33 - 9. Determine f(n).
-6
Let i(q) be the first derivative of q**4/4 + 8*q**3/3 + 3*q**2/2 + 27*q + 1. Let n be i(-8). Let h(a) = -2 + a**n + 287*a - 287*a + 8*a**2. Determine h(-8).
-2
Let x be (-51)/6 + 9 - 34/(-4). Let q(p) = -2*p**2 + 7*p**2 - 5*p**2 - 5*p**2 + x + 4*p**2 - 6*p. Calculate q(-8).
-7
Suppose 15*u = 31*u - 64. Let h = -4 - -6. Let m(j) = -2*j - 2 - 2 + h*j + j. What is m(u)?
0
Suppose -5*r = 6*r - 1892. Suppose 14*j = 10*j - r. Let f = -44 - j. Let s(w) = w**3 + w. Calculate s(f).
-2
Let l(s) = 3*s**3 - s - 1. Let w(d) = d**3 + d**2 - 6*d - 5. Let m be w(-2). Let u(b) = 6*b**2 + 9*b - 6. Let g be u(m). Let z = 74 - g. Determine l(z).
-3
Let c(b) be the first derivative of -b**2/2 - b + 3. Let k(d) = 12*d + 10. Let o(w) = 6*c(w) + k(w). Let l be 20/130 - (-1080)/(-260). Give o(l).
-20
Let j(w) = w**2 + 5*w + 2 - 5 - 4. Let i(u) = -56*u + 5089. Let r be i(91). Determine j(r).
7
Let q(r) = r**2 + 14*r + 26. Let f(k) = -4*k**2 - 73*k - 105. Let p(g) = 2*f(g) + 9*q(g). Calculate p(18).
-12
Suppose 5*n - 28*o - 145 = -23*o, 0 = -2*n + 5*o + 64. Let l(r) = -r**3 + 28*r**2 - 24*r - 87. Determine l(n).
-6
Suppose -5*d + 9 - 43 = -3*r, 3*r = 9. Let q(c) = -18*c - 84. Give q(d).
6
Let t = 5138 - 5132. Let s(l) = -2*l - 10. Determine s(t).
-22
Let p = -477 - -331. Let q = 150 + p. Let h(g) = 2*g - 4. Determine h(q).
4
Let q(r) = -r**2 + 5*r - 6. Let m(z) = -82*z + 64*z**2 + 5 + z**3 + 28*z - 39*z**2. Let o be m(-27). Determine q(o).
-6
Let b(l) be the second derivative of l**3/6 + l**2 - 26*l + 4. Let k(t) = -4*t**2. Let h be (18/27)/(4/(-6)). Let p be k(h). Give b(p).
-2
Let n(b) = 11*b**3 + 6*b**2 - 13*b - 4. Let k(w) = -2*w**3 + w**2 + 1. Let i(o) = 6*k(o) + n(o). Give i(11).
-20
Let z be (-893)/7 + 18/(-42). Let m = z - -126. Let a(t) = -8*t - 5. What is a(m)?
11
Let m(r) be the second derivative of -r**4/12 + 5*r**3/6 + r**2 - 502*r + 14. Let h = -14 - -10. Determine m(h).
-34
Let w(o) = o**2 - 10*o + 4. Let y(u) = u**3 - 16*u**2 - u - 2. Let p be y(15). Let s = 246 + p. Calculate w(s).
-20
Let b(x) = 6*x + x**2 - 71 - 64 + 2*x**2 - 2*x**2 + 133. Suppose 36 - 12 = -3*i. Determine b(i).
14
Suppose 5*s + 4*s = 5*s + 8. Let t(b) = -13*b**2 + 2*b + 4. Determine t(s).
-44
Suppose 0 = 29*u + 151 + 226. Let x(l) = -l**3 - 14*l**2 - 15*l - 9. Give x(u).
17
Suppose -41 - 59 = 2*s - 2*b, 3*b - 60 = s. Let n = 87 + s. Let l(q) = -3*q - 3*q + 2*q + n - 44. Calculate l(-4).
14
Let a(q) be the first derivative of 3*q**2/2 - 82*q + 5263. Calculate a(20).
-22
Let t = 187 + -102. Let d = t + -72. Suppose -d*g - 5*x - 22 = -9*g, 2*x = 4*g + 8. Let q(l) = -l**3 - 5*l**2 - 5*l - 3. Give q(g).
-6
Let q(c) = c**2 + 19*c - 6. Suppose m - 10 = x, x - 120*m = -116*m - 13. Calculate q(x).
-96
Let b(v) = 19*v + 160. Suppose 122 = -10*a + 42. What is b(a)?
8
Let c(k) = -2*k**3 + 2*k**2 - 4*k + 4. Let t(a) = -5*a**3 + 3*a**2 - 7*a + 6. Let h(z) = 5*c(z) - 3*t(z). Calculate h(-2).
-36
Let c(l) = -5*l**3 + 4*l**2 - 41*l + 1. Let p(m) = 6*m**3 - 4*m**2 + 47*m - 1. Let t(o) = 7*c(o) + 6*p(o). Suppose 0 = s - 18 + 23. Give t(s).
1
Let a(y) be the second derivative of -y**3/6 + 2*y**2 + 1640*y - 1. What is a(8)?
-4
Let o be -1*(-2)/8*(-11 - -15). Let a(v) = 6*v - 3. Let y(t) = -t - 1. Let n(h) = o*a(h) + 4*y(h). Calculate n(-6).
-19
Let w(